 f(j) = -2*j - 5. What is f(h)?
31
Let l(x) be the first derivative of -42 + 3/2*x**2 + 0*x - 2/3*x**3. What is l(2)?
-2
Let v(g) = 1240*g - 124. Let m(f) = 1137*f - 123. Let o(t) = 12*m(t) - 11*v(t). Determine o(30).
8
Suppose -77 = -6*a - 5*a. Let q(d) = 10*d - 13. Let h be q(a). Let w = 50 - h. Let o(v) = 2*v + 8. What is o(w)?
-6
Let o(v) be the second derivative of -v**4/4 - 5*v**3/3 - 17*v**2/2 + 387*v. What is o(-4)?
-25
Suppose -u + 10*a - 14*a = -55, 2*u = -3*a + 125. Suppose u*x = 47*x. Let l(b) = 3*b**2 + b**3 - 2*b**2 + 6 - 2*b**2 - b. Determine l(x).
6
Let l(j) be the first derivative of j**4/12 + j**2/2 - 2*j - 1. Let h(v) be the first derivative of l(v). Let c = -22483 - -22483. Give h(c).
1
Let l(k) be the second derivative of k**5/20 - k**4/6 - 5*k**3/6 + 3*k**2/2 + 2*k. Let m be (-6)/(6/6) + -206. Let p = m + 216. Give l(p).
15
Suppose -5*v + 31 = -34. Suppose v*j - 24 = 9*j. Let w(s) = 7 - s**3 - 13 + 6 + 3*s + j*s**2. Determine w(6).
18
Suppose 5*g = -15*g - 11*g + 868. Let b(j) be the second derivative of 0 - 1/12*j**4 - 1/6*j**3 + 1/2*j**2 + g*j + 1/5*j**5. Determine b(1).
3
Let f be -2*(30/(-195) - (-28)/13). Let z(b) = 2*b**3 + 4*b**2 - 7*b - 6. What is z(f)?
-42
Let h be -20*14/35 + 4. Let v(m) be the third derivative of -m**5/60 - m**4/4 - m**3 - 3*m**2. Calculate v(h).
2
Suppose -2*l = -4*q + 8, 409*q - 3*l = 410*q - 9. Let n(v) be the first derivative of 3 + 1/3*v**q + 0*v - v**2 + 1/2*v**4. Calculate n(2).
16
Let y(w) = -w - 7. Let f(q) = -q**2 - 6*q + 27. Suppose -4*b = -2*b - 6. Let l be f(b). What is y(l)?
-7
Let p(j) = -j. Let w be -2 + -3 + 4 + -1. Let f(o) = 4*o**2 + 6*o + 2. Let n be f(w). What is p(n)?
-6
Let i = -1153 - -1145. Let w(s) = 4*s**2 + 34*s + 23. Calculate w(i).
7
Suppose 5*y - 75 + 110 = -5*u, 4*u - 4*y + 12 = 0. Let w(p) = -p - 15. Calculate w(u).
-10
Let x(q) be the second derivative of -4*q**3/3 - 11*q**2 - 79*q - 2. Give x(-4).
10
Let n(h) be the third derivative of h**5/60 - h**4/8 - 152*h**2. Let l(z) = -5*z**2 + 17*z. Let s(m) = -2*l(m) - 11*n(m). Determine s(-3).
-6
Suppose 0 = 38*x - 41*x + 12. Suppose 4*s - 380 = -5*r, -2*r + x*r = -4*s + 140. Suppose r - 32 = -6*b. Let i(j) = -j**2 - 8*j - 1. Give i(b).
-1
Let l be (2*-1)/(-2) - 324/(-12). Let c = l - -56. Let o = -79 + c. Let k(g) = -2*g**2 + 3*g + 5. Calculate k(o).
-30
Let a(x) = -100*x - 102*x + 180*x - 5*x**2 + 18 + x**3 + 27*x**2 - 2*x**3. Give a(21).
-3
Let h(b) = -8*b**2 - 42*b + 31. Let d(t) = 4*t**2 + 39*t - 30. Let r(u) = 3*d(u) + 2*h(u). Determine r(7).
7
Suppose -9 = -5*k + c, k + k - 4*c = 0. Suppose k = 6*o - 5*o. Let z be ((-4)/2 + o)/(8/(-4)). Let p(i) = i**2 + i + 4. Give p(z).
4
Suppose 6*g + 9*g - 750 = 0. Suppose -8*k = -42 + g. Let t(a) = -11*a**2 - 2*a - 1. Give t(k).
-10
Suppose 4*j - 3594 = 2*s, 3*j = -j - 4*s + 3612. Let n = -900 + j. Let i(c) = 7*c - 14. Let h(p) = -3*p + 7. Let g(r) = -9*h(r) - 4*i(r). Give g(n).
-7
Let s(m) = -76*m + 1. Suppose -10*t + 9*t = -5*r + 14, -2*t - 4 = -2*r. Give s(t).
-75
Let n(y) = -9*y**3 + 30*y**2 + 48*y - 27. Let l(w) = -22*w**3 + 68*w**2 + 94*w - 54. Let h(d) = -2*l(d) + 5*n(d). Calculate h(17).
-10
Let q(w) = w**2 + 1. Let o be q(2). Let p be (o/2)/(17/34). Suppose -3*h - p*h = 48. Let g(f) = -f**3 - 6*f**2 + 1. What is g(h)?
1
Let s = 122 - 118. Suppose -5*i + s*l = -2, -4*l + 3 = 15. Let x(n) = n + 1. Let o(u) = -4*u - 5. Let w(v) = -o(v) - 5*x(v). What is w(i)?
2
Let q(u) = u**3 - 5*u**2 + 2*u. Let a(d) = -d**3 - 14*d**2 + d + 11. Let m be a(-14). Let p be 2*-4 - 2 - m/1. Let l be -1 - 10/5 - p. Give q(l).
-8
Let a(z) = 5*z + z**3 - 3*z**2 + 2*z**2 + 2*z**2 + 5*z**2 - 3. Suppose 290 = 93*t - 151*t. Give a(t).
-3
Suppose -5*r - 4 - 1 = 0. Let o(h) = 7*h - 2. Let q(l) = 2*l + 5. Let c(s) = 2*s + 1. Let f(x) = -3*c(x) + q(x). Let g(k) = -5*f(k) - 4*o(k). What is g(r)?
6
Let b(w) = w - 2. Let l(t) = 3. Let g(n) = -3*b(n) - 4*l(n). Let x = 10795 - 10804. Calculate g(x).
21
Let m(z) = -16*z - 21*z + 74*z + 23 + 8*z**2 - 14*z - z**3 - 18*z. Determine m(9).
-13
Let a(v) = 2*v**2 + 8*v - 2. Suppose -3*s + 4*q = 29, 0*s + 2*s + 4 = -5*q. Give a(s).
40
Let g(n) = 2*n**3 + 9*n**2 + 2*n + 9. Let s(u) = -u**3 - 4*u**2 - u - 4. Let i(p) = 3*g(p) + 7*s(p). Let y = 100 - 94. Suppose -13*d + 4*d = -y*d. What is i(d)?
-1
Let d(z) be the second derivative of z**3/3 + 3*z**2 - 2942*z + 3. Suppose 0*a - 4*m = 3*a + 17, -2*m - 1 = -a. What is d(a)?
0
Let r(k) be the first derivative of -k**6/120 + k**5/12 + k**4/4 + 4*k**3/3 + 29*k**2/2 - 301. Let n(g) be the second derivative of r(g). Calculate n(7).
-48
Let f(z) be the second derivative of -5*z**3/6 + 167*z**2/2 + 4398*z. What is f(33)?
2
Let q(r) = -r - 24*r**2 - 3 - 4*r**2 - 1 + 18*r**2 + 18*r**2. Determine q(-2).
30
Let s(h) = -3*h**2 - 9*h - 14. Suppose 312 + 745 = -151*v. Determine s(v).
-98
Let l(z) = 17*z + 255. Let u be l(-15). Let r(f) = u + 10 - 3 - 6 + f. Calculate r(-3).
-2
Let l = -1 - -3. Let d(m) = 7*m + 268. Let y be d(-38). Let t(k) = -9*k**3 + 21 - 2*k**3 - 22 + 3*k + 12*k**3 - 4*k**y. What is t(l)?
-3
Let p(n) = 2*n**2 - 70*n + 12. Let g be p(35). Let r(x) = -x + 1. What is r(g)?
-11
Let w(s) be the second derivative of s**4/24 - 16*s**2 - 31*s + 2. Let h(y) be the first derivative of w(y). Determine h(0).
0
Let b be (12/(-54))/((-1*1)/9). Suppose -3*h - 13 = 5*w + 12, -w = -b*h + 5. Let l(o) = -o**3 - 7*o**2 - 5*o + 4. Give l(w).
-21
Let b(f) be the second derivative of f**7/2520 + f**5/30 - 41*f**4/12 + 93*f. Let c(w) be the third derivative of b(w). Calculate c(-3).
13
Let a = 154 - 58. Let z = -43 + a. Let y(v) = -108 - 9*v + 0*v + z + 56. Determine y(1).
-8
Let y(v) = -v**3 - 3*v**2 + 3*v - 3. Let q be -22 - (3 + 411)/(-18). What is y(q)?
-4
Let r(c) = -c**3 - 6*c**2 + 7*c + 10. Suppose -124*q - 86*q = -54*q + 1092. Determine r(q).
10
Let i be (12/(-4) - -4)*2. Let y(b) = -23*b - 28. Let k(l) = -20*l - 24. Let z(m) = -7*k(m) + 6*y(m). Give z(i).
4
Let x(k) = 11*k**2 - 9*k + 8. Let t be x(1). Let l(o) be the first derivative of -o**2/2 + 9*o + 42. Calculate l(t).
-1
Let o(m) = -32*m**2 - 21 - 35 + 56. Give o(1).
-32
Suppose 5*y = -12*y + 612. Let l(m) = -y*m - 30*m + 67*m. Give l(5).
5
Let d(y) be the third derivative of y**5/60 - y**4/6 - 57*y**2. Suppose -6*l + 9*l = 12. Suppose l*p - 5*r + 16 = 8*p, 2*r - 20 = -5*p. Calculate d(p).
0
Let n(a) = 2*a + a**3 + 4*a**2 + 2 - 5 + 5. Suppose -j - 4*q + 7*q + 18 = 0, 2*q + 14 = 0. What is n(j)?
5
Let s(n) = 80*n - 20*n - 60*n**2 - 2*n**3 - 64 + 5. Let v be s(-31). Let r(f) = 6*f - 7. What is r(v)?
11
Let a be (-223)/11 - 9/(-33). Let p(t) = -t**3 - 21*t**2 - 18*t + 32. Calculate p(a).
-8
Let f(m) = m**3 + 6*m**2 + 7*m + 5. Let g(w) = 3*w**2 + 4*w - 24. Let z(o) = o**3 + 7*o**2 + o + 12. Let t be z(-7). Let r be g(t). Let i = -76 + r. Give f(i).
-5
Let o(n) = n**3 + 36*n**2 - n + 14 + 17*n**2 - 63*n**2. Let x(i) = 2*i**2 + 4*i + 4. Let y be x(-3). Let a be o(y). Let j(u) = u**2 - 7*u + 5. Determine j(a).
-7
Let r(o) = -o**2 - 57*o + 8. Let x be r(0). Let i(l) = -l**2 + 18*l - 87. Determine i(x).
-7
Let n(d) = -7*d. Suppose -3*g = 3*t - 99, -6*g + 3*t = -3*g - 81. Suppose 0 = 7*y - 2*y - g. Suppose 3*s + 3 = y. Give n(s).
-7
Let b(p) be the third derivative of 1/60*p**5 - 5*p - 17/6*p**3 + 0 + 1/6*p**4 - 6*p**2. What is b(-7)?
4
Suppose 23*o - 7*o - 37 + 5 = 0. Let d(h) be the second derivative of -1/12*h**4 - h**3 - 1/2*h**o + 0 + 10*h. Give d(-5).
4
Let z(t) = -t**2 - 11*t - 15. Suppose 0 = -4*s + 10*s + 54. Let n be z(s). Let o(i) = 3*i + 3*i**2 + n - 4*i - 4*i - 4*i**2. Calculate o(-5).
3
Let r(l) = 2*l - 9. Let p(n) = 160*n - 2394. Let a be p(15). Determine r(a).
3
Suppose -168 = 9*g - 6*g. Let q = 59 + g. Suppose q*l + 22 + 5 = 0. Let o(i) = -i**2 - 10*i - 3. Determine o(l).
6
Let t be -1 + 2 + (-7)/((-35)/10). Let s(m) = -51 - 2*m - m - t*m + 6. Let o be s(-8). Let n(h) = -h**3 + 3*h**2 + 1. Determine n(o).
1
Let f(m) = 95*m - 47*m - 248 + 5*m - 222 + 43. Determine f(8).
-3
Suppose 105*w - 370 + 64 = 219. Let h(v) = v**3 - 5*v**2 + 8*v - 31. What is h(w)?
9
Let q(r) = r**3 + 4*r + 2. Suppose 8 = -z + 5*s, -2*z = 2*s - 488 + 492. Give q(z).
-37
Let k(j) = -45*j**3 - 7*j**2 + 19*j + 86. Let g(x) = -7*x**3 - x**2 + 3*x + 14. Let h(b) = -19*g(b) + 3*k(b). Give h(0)